v be d(19). What is the highest common divisor of v and l?
12
Suppose 2*p + 23 - 111 = 0. What is the greatest common factor of 22 and p?
22
Suppose 4*i + 0*u + u = 19, 4*i + 3*u - 17 = 0. Suppose 127 = i*g - 213. Calculate the highest common factor of 17 and g.
17
Let r be (45/12)/((-1)/(-12)). What is the highest common factor of r and 9?
9
Let u be -3*((-5)/3 - -1). Suppose -v + 13 = 5. Calculate the greatest common divisor of u and v.
2
Let o(y) = y + 10. Let l be o(0). What is the highest common factor of l and 20?
10
Suppose 0 = -2*c - 1 + 11. Suppose 5*p = 4*p - 2*v + 19, c = -p + 4*v. Suppose 2*s - 9 = p. Calculate the greatest common divisor of 30 and s.
10
Let c(y) = 5*y**2 + 2*y**2 + y**3 - y**2 - y. Let s be c(-5). Suppose 4*b - 12 = 12. What is the highest common factor of s and b?
6
Let s = 14 - -25. What is the highest common factor of s and 26?
13
Suppose -8 - 14 = -2*q. Calculate the greatest common factor of q and 22.
11
Suppose -2*c = -h - 0*h + 99, 2*h - 183 = -c. Suppose -3*a + 447 + h = 0. What is the highest common factor of 20 and a?
20
Let b = 6 + -39. Let o = 9 - 0. Let q = o - b. What is the highest common factor of 6 and q?
6
Let i be (-6)/15 + (-1476)/(-15). Let r = 40 + -26. Calculate the highest common divisor of r and i.
14
Let w be -2 + (-2056)/(-14) + (-9)/(-63). What is the greatest common divisor of w and 58?
29
Let c be -1 - (-3)/6*-2. Let b be -1 - c - (-82 + -7). What is the highest common divisor of b and 10?
10
Suppose -3*l + 13 = c - 31, -l - 53 = -2*c. What is the highest common factor of 203 and c?
29
Let y = 6 + -14. Let o = -2 - y. What is the highest common divisor of 48 and o?
6
Suppose -5*h = -h - 8. Suppose -4*t - 20 = -5*l, -h*l + 3*t = -3*l + 4. Calculate the highest common divisor of 44 and l.
4
Suppose 4*r - 2*s - 62 = 0, 3*r - 4*s - 70 = -2*r. Let i be 108/(2 + 8/(-3)). Let b be ((-1)/(-3))/((-2)/i). What is the highest common factor of b and r?
9
Let t(k) = 2*k - 2. Suppose 20 - 4 = 2*a. Let b be t(a). Calculate the highest common divisor of b and 126.
14
Let i(p) = p**2 + 4*p - 4. Let l be i(2). Calculate the greatest common divisor of l and 64.
8
Let v(d) = -19*d + 1. Let y be v(-1). Suppose 4*o - 91 = -o + 3*c, -2*o - 3*c + 49 = 0. Calculate the highest common factor of y and o.
20
Suppose 4*g + 2*z = 22 + 18, -44 = -5*g - 4*z. Suppose -26 - 32 = -4*f - 2*d, -2*d + 45 = 3*f. Let t = f + -9. Calculate the highest common divisor of g and t.
4
Let b be ((-2)/6)/(3/9). Let v(j) = -2*j - 1. Let k be v(b). Let x be (-3 + 3 + -1)*-11. Calculate the greatest common divisor of x and k.
1
Suppose -b - 10 = -4*g, 3*b = 5*g - 8 - 8. Let p be b/3 - 68/(-3). Let u be 4/(-10) + (-96)/(-40). Calculate the greatest common factor of p and u.
2
Suppose 3*n - 5*n - 3*z + 9 = 0, -z = n - 3. Suppose 3*a + 2*a - 75 = n. What is the greatest common factor of a and 15?
15
Let o(i) = i**3 - 3*i**2 - 7*i - 1. Let k be o(5). What is the greatest common factor of k and 35?
7
Suppose -k = -0*k - 2, -5*b + 50 = 5*k. Let d(t) = t**3 + 7*t**2 + 5*t + 4. Let w be d(-4). What is the highest common factor of w and b?
8
Let w be (-6)/(1*(-2 - 0)). Let h be 9/((10/2)/5*1). What is the highest common factor of w and h?
3
Let r(f) = 4*f - 8. Let u be r(5). Let b be 2/(-7) + 4718/49. What is the greatest common factor of u and b?
12
Let p be ((4 - 7) + -5)/(-2). What is the highest common divisor of p and 44?
4
Let u be (85/25)/(3/15). What is the greatest common factor of u and 34?
17
Suppose -8*g = -5*l - 7*g + 255, 5*l - 255 = 2*g. Calculate the greatest common divisor of l and 17.
17
Let c(h) = -h**2 - 5*h. Let q be c(-5). Suppose y - 11 = -q*y. What is the highest common divisor of y and 77?
11
Let n(o) = 2*o**2 - 10*o. Let z be n(7). What is the greatest common factor of 70 and z?
14
Let j(y) = -y**2 + 14*y + 15. Let s be j(14). Calculate the greatest common divisor of 6 and s.
3
Suppose -249 = -5*s - x, 2*s + s - 4*x - 154 = 0. Let b be (1 + -2 - 4)/(-1). Calculate the highest common factor of s and b.
5
Let t be (-663 - -3)/(3/(-2)). What is the greatest common factor of t and 40?
40
Suppose 5*z = -9 - 11, 5*y = -3*z + 388. Suppose -6*a + a = -y. Let x = 2 - -14. Calculate the highest common factor of x and a.
16
Let z = -8 + 10. Let y = 0 - -5. Calculate the highest common factor of z and y.
1
Suppose -18*p = -17*p - 150. Calculate the greatest common factor of 10 and p.
10
Let p(t) = -t**3 - 4*t**2 + 5*t + 3. Let a be p(-5). Suppose -a*g + 0*s + 57 = 3*s, s = -5. Calculate the highest common divisor of g and 3.
3
Let y(s) = 3*s**2 + 7*s + 9. Let o be y(-3). Calculate the highest common factor of o and 30.
15
Suppose -u = 5*y - 27, -4*y + 8 = -3*u - 6. Suppose 0 = u*z - 5*a - 141, -3*a + 54 = -5*z + 6*z. What is the highest common factor of 7 and z?
7
Let k(h) = 4*h**2 - 4*h + 2. Let n be k(3). What is the greatest common factor of n and 234?
26
Suppose 5*y - y = 116. Let l = y - -13. What is the greatest common factor of l and 28?
14
Suppose -66*k - 105 = -71*k. Let r be (28/(-10))/(2/(-10)). What is the highest common divisor of r and k?
7
Let c(l) = -l + 7. Let w be c(-3). What is the highest common divisor of w and 90?
10
Suppose 5*g + 3 + 32 = 0. Let i(s) be the third derivative of -s**4/8 - 3*s**3/2 - 5*s**2. Let v be i(g). Calculate the highest common divisor of v and 24.
12
Let d = -8 + 11. Suppose t = d*t - 28. Calculate the greatest common factor of t and 35.
7
Suppose -8 = -2*i + i. Suppose 4*q - 5*g - 3 = 27, 0 = 4*g + i. Let l = 2 - 0. Calculate the greatest common factor of q and l.
1
Suppose 4*n - 5*i + 28 - 251 = 0, -3*i + 251 = 5*n. Calculate the greatest common factor of n and 39.
13
Let z = 165 - 88. Let f = -53 + 64. What is the highest common divisor of z and f?
11
Let l(n) = -29*n**2 - 2*n + 2. Let z(p) = 29*p**2 + 2*p - 2. Let s(d) = -4*l(d) - 3*z(d). Let a be s(-2). What is the greatest common divisor of a and 22?
22
Suppose -o - z + 22 = 0, 2*o = -0*o + 2*z + 44. What is the greatest common factor of 2 and o?
2
Suppose -s - 2*n + 46 = 0, -3*s + n + 3*n = -188. Calculate the greatest common factor of 8 and s.
8
Suppose 0 = -t + 18 - 10. Calculate the greatest common divisor of 40 and t.
8
Let q = 4 - -5. Let k = 64 - 19. What is the greatest common divisor of k and q?
9
Let c be 30/(-4)*8/(-12). Suppose c*x - 41 = -3*q, x + 2*q + 2 = -2*q. Let z be 16/x - 2/(-5). Calculate the highest common factor of z and 5.
1
Let w = 307 + -147. What is the highest common divisor of w and 64?
32
Let r be ((-28)/(-70) - (-152)/(-30))*-6. Let s = 21 + -14. Calculate the greatest common divisor of s and r.
7
Let m = -9 - -41. Let z = -4 - -3. Let r be 319/4 + z/(-4). Calculate the greatest common divisor of r and m.
16
Suppose 2*m - 7 - 17 = 0. Let d be (54/m)/((-3)/(-8)). What is the greatest common factor of 12 and d?
12
Let y = 77 + -8. What is the highest common divisor of y and 23?
23
Let h(o) = -11*o - 13. Let d be h(-2). What is the highest common factor of 9 and d?
9
Let g(o) = -o**2 + 13*o - 8. Let y be g(6). Calculate the highest common factor of y and 17.
17
Suppose -1 - 15 = -4*p. Let d be (-57)/(-5) + p/(-10). Calculate the highest common factor of d and 44.
11
Let d = 23 + -13. Suppose 0 = -2*g + d, g = -4*y + 5 + 68. Suppose -4*i = i - 5*s - 85, -4*i + 2*s + 68 = 0. Calculate the greatest common divisor of i and y.
17
Let b = 4 + -1. Suppose -8 = b*d - 4*d. Calculate the highest common divisor of 24 and d.
8
Suppose -12*a = -18*a + 1134. What is the highest common divisor of 21 and a?
21
Let b(g) = -3*g + 4*g + 22*g - 12. Let r be b(6). Calculate the highest common factor of 18 and r.
18
Suppose -2*o + 132 = 2*o. Let y(k) = -k**2 - 8*k - 4. Suppose 4*l = -24 + 4. Let v be y(l). Calculate the highest common divisor of v and o.
11
Suppose -5*d + 135 = -4*d. Let u be (d/(-6))/(-5)*2. Calculate the highest common divisor of 9 and u.
9
Let y(n) = 84*n + 1. Suppose 0*i - 5*i + 11 = -3*w, 3 = 5*i + w. Let s be y(i). Calculate the greatest common divisor of s and 17.
17
Let n be 426 + ((-2)/2)/(-1). Let h = n + -240. Let w = 33 + -16. What is the greatest common factor of h and w?
17
Let w(f) = 10*f**2 - 2*f + 6. Let x be w(3). What is the highest common factor of 18 and x?
18
Suppose 0 = f - 0*f -